
{"id":13,"date":"2020-07-13T12:30:03","date_gmt":"2020-07-13T10:30:03","guid":{"rendered":"http:\/\/przedszkole96.edu.wroclaw.pl\/?page_id=13"},"modified":"2026-02-23T14:33:38","modified_gmt":"2026-02-23T13:33:38","slug":"glowna","status":"publish","type":"page","link":"https:\/\/przedszkole96.edu.wroclaw.pl\/","title":{"rendered":"O nas"},"content":{"rendered":"<div class=\"wpb-content-wrapper\"><p>[vc_row][vc_column][vc_empty_space][vc_row_inner][vc_column_inner width=&#8221;1\/2&#8243;][vc_raw_html]JTNDaDIlMjBzdHlsZSUzRCUyMnRleHQtYWxpZ24lM0ElMjBjZW50ZXIlM0IlMjBtYXJnaW4tdG9wJTNBJTIwLTMwcHglM0IlMjBmb250LXNpemUlM0ElMjAzNnB4JTNCJTIwY29sb3IlM0ElMjAlMjMyZTVlNDYlM0IlMjIlM0VPJTIwbmFzJTNDJTJGaDIlM0U=[\/vc_raw_html][vc_separator color=&#8221;custom&#8221; border_width=&#8221;4&#8243; el_width=&#8221;50&#8243; custom_sparator_width=&#8221;155px&#8221; accent_color=&#8221;#2e5e46&#8243;][vc_empty_space][vc_column_text css=&#8221;&#8221;]<\/p>\n<div>\n<div>\n<p><strong>Znajdziecie nas w sercu Grabiszynka . <\/strong>Nasze przedszkole po\u0142o\u017cone jest w zielonej i spokojnej cz\u0119\u015bci dzielnicy Fabryczna \u2013 Grabiszynek, w pobli\u017cu malowniczego Parku Grabiszy\u0144skiego. Z dala od ruchliwych ulic, w otoczeniu natury, stworzyli\u015bmy miejsce bezpieczne, przyjazne i sprzyjaj\u0105ce dzieci\u0119cej rado\u015bci.Do dyspozycji dzieci oddajemy du\u017cy, zielony ogr\u00f3d z nowoczesnym placem zabaw. Ka\u017cda grupa wiekowa ma w\u0142asn\u0105 przestrze\u0144 do aktywno\u015bci na \u015bwie\u017cym powietrzu \u2013 z odr\u0119bn\u0105 piaskownic\u0105 i miejscem do zabaw dostosowanym do wieku dzieci.<\/p>\n<p><strong>Nasz\u0105 dewiz\u0105 jest:<\/strong> \u201ePrzedszkole otwarte na potrzeby dzieci i rodzic\u00f3w, rozwijaj\u0105ce tw\u00f3rcz\u0105 postaw\u0119 dzieci poprzez r\u00f3\u017cnorodno\u015b\u0107 wsp\u00f3lnych dzia\u0142a\u0144.\u201d To nie tylko s\u0142owa \u2013 to codzienna praktyka. Tworzymy miejsce, w kt\u00f3rym dziecko czuje si\u0119 wa\u017cne, zauwa\u017cone i wspierane, a rodzice s\u0105 partnerami w procesie wychowania i edukacji. Wsp\u00f3lnie budujemy przestrze\u0144 pe\u0142n\u0105 zaufania, rado\u015bci i inspiracji do odkrywania \u015bwiata. Nasze przedszkole nale\u017cy do Sieci Szk\u00f3\u0142 i Przedszkoli Promuj\u0105cych Zdrowie oraz Sieci Szk\u00f3\u0142 Promuj\u0105cych Ekorozw\u00f3j, co potwierdza nasze zaanga\u017cowanie w kszta\u0142towanie zdrowych nawyk\u00f3w i postaw proekologicznych ju\u017c od najm\u0142odszych lat. Z dum\u0105 posiadamy r\u00f3wnie\u017c <strong>Z\u0142oty Certyfikat Zdrowej i Racjonalnej \u017bywno\u015bci<\/strong> oraz <strong>Certyfikat Promowania Aktywno\u015bci Fizycznej<\/strong> Dbamy o to, aby zdrowe od\u017cywianie i codzienna dawka ruchu by\u0142y naturalnym elementem dzieci\u0119cej codzienno\u015bci. Wierzymy, \u017ce harmonijny rozw\u00f3j \u2013 fizyczny, emocjonalny i spo\u0142eczny \u2013 to najlepszy fundament na przysz\u0142o\u015b\u0107.<\/p>\n<p>U nas dzieci rosn\u0105 zdrowo, aktywnie i tw\u00f3rczo.<\/p>\n<p><strong>Staramy si\u0119 aby dzieciom w ka\u017cdym dzia\u0142aniu towarzyszy\u0142a rado\u015b\u0107 odkrywania.&nbsp;<\/strong> W naszym przedszkolu wierzymy, \u017ce nauka powinna by\u0107 fascynuj\u0105c\u0105 przygod\u0105. Dlatego dok\u0142adamy wszelkich stara\u0144, aby ka\u017cdemu dzia\u0142aniu towarzyszy\u0142a <strong>rado\u015b\u0107 odkrywania<\/strong>, naturalna ciekawo\u015b\u0107 \u015bwiata i poczucie sprawczo\u015bci. Wsp\u00f3lnie z dzie\u0107mi i rodzicami realizujemy inspiruj\u0105ce programy i projekty, kt\u00f3re rozwijaj\u0105 wyobra\u017ani\u0119, ucz\u0105 wsp\u00f3\u0142pracy oraz wzmacniaj\u0105 kompetencje emocjonalne i spo\u0142eczne:<\/p>\n<ul>\n<li><strong>\u201eMatematyka z Fantazj\u0105\u201d<\/strong> \u2013 nauka logicznego my\u015blenia poprzez zabaw\u0119 i kreatywne dzia\u0142ania.<\/li>\n<li><strong>\u201eABC Emocji, czyli jak zrozumie\u0107 siebie i innych\u201d<\/strong> \u2013 budowanie empatii, wra\u017cliwo\u015bci i umiej\u0119tno\u015bci radzenia sobie z emocjami.<\/li>\n<li><strong>\u201eCzuciaki z Krainy Emocji\u201d<\/strong> \u2013 odkrywanie \u015bwiata uczu\u0107 w spos\u00f3b bliski i zrozumia\u0142y dla dziecka.<\/li>\n<li><strong>\u201eHistoria ukryta w legendach\u201d<\/strong> \u2013 poznawanie tradycji i lokalnych opowie\u015bci w ciekawy, anga\u017cuj\u0105cy spos\u00f3b.<\/li>\n<li><strong>\u201eMali odkrywcy \u015bwiata owad\u00f3w\u201d<\/strong> \u2013 rozwijanie ciekawo\u015bci przyrodniczej i postawy ma\u0142ego badacza.<\/li>\n<li><strong>\u201eCztery pory roku w Parku Grabiszy\u0144skim\u201d \u2013 II edycja sportowa \u201eRuch dla zdrowia\u201d (gr. II)<\/strong> \u2013 aktywno\u015b\u0107 fizyczna na \u015bwie\u017cym powietrzu i budowanie zdrowych nawyk\u00f3w.<\/li>\n<li><strong>\u201eLogopedyczne zabawy z Pszcz\u00f3\u0142k\u0105 Nel\u0105\u201d (gr. I)<\/strong> \u2013 projekt wspieraj\u0105cy prawid\u0142owy rozw\u00f3j mowy poprzez atrakcyjne \u0107wiczenia i zabawy.<\/li>\n<li><strong>\u201eCa\u0142y Wroc\u0142aw czyta dzieciom\u201d<\/strong> \u2013 rozwijanie mi\u0142o\u015bci do ksi\u0105\u017cek i \u015bwiata literatury.<\/li>\n<\/ul>\n<p>Ka\u017cdy z tych projekt\u00f3w to kolejny krok w stron\u0119 samodzielno\u015bci, wiary w siebie i otwarto\u015bci na \u015bwiat. U nas dzieci ucz\u0105 si\u0119, do\u015bwiadczaj\u0105 i rozwijaj\u0105 \u2013 z u\u015bmiechem, ciekawo\u015bci\u0105 i poczuciem, \u017ce mog\u0105 wi\u0119cej.<\/p>\n<p><strong>Budujemy wiar\u0119 w siebie i rado\u015b\u0107 tworzenia. <\/strong>Jednym z najwa\u017cniejszych kierunk\u00f3w naszej pracy jest rozwijanie wiary dziecka we w\u0142asne mo\u017cliwo\u015bci oraz swobody tw\u00f3rczego dzia\u0142ania. Wierzymy, \u017ce ka\u017cde dziecko ma w sobie naturalny potencja\u0142, kt\u00f3ry warto odkrywa\u0107 i wzmacnia\u0107 ju\u017c od najm\u0142odszych lat. Szczeg\u00f3lne miejsce zajmuje u nas szeroko rozumiana edukacja artystyczna. Poprzez zabawy muzyczne, teatralne i plastyczne dzieci:<\/p>\n<ul>\n<li>ucz\u0105 si\u0119 wyra\u017ca\u0107 siebie w r\u00f3\u017cnorodny spos\u00f3b,<\/li>\n<li>rozwijaj\u0105 kreatywno\u015b\u0107 i wyobra\u017ani\u0119,<\/li>\n<li>nabieraj\u0105 odwagi i pewno\u015bci siebie,<\/li>\n<li>doskonal\u0105 umiej\u0119tno\u015b\u0107 autoprezentacji,<\/li>\n<li>odkrywaj\u0105 i rozwijaj\u0105 swoje talenty oraz zainteresowania.<\/li>\n<\/ul>\n<p>W dzia\u0142ania artystyczne aktywnie w\u0142\u0105czaj\u0105 si\u0119 r\u00f3wnie\u017c rodzice. Wsp\u00f3lnie tworzymy scenografie i kostiumy, bierzemy udzia\u0142 w konkursach plastycznych oraz wydarzeniach przedszkolnych. Dzi\u0119ki temu budujemy prawdziw\u0105 wsp\u00f3lnot\u0119 \u2013 opart\u0105 na wsp\u00f3\u0142pracy, zaanga\u017cowaniu i rado\u015bci wsp\u00f3lnego tworzenia.<\/p>\n<p>U nas ka\u017cde dziecko mo\u017ce poczu\u0107: <strong>\u201ePotrafi\u0119! Umiem! Wierz\u0119 w siebie!\u201d<\/strong><\/p>\n<p><strong>Nasi Przyjaciele <\/strong><\/p>\n<p>Wierzymy, \u017ce wychowanie i edukacja to wsp\u00f3lne dzie\u0142o \u2013 dlatego ch\u0119tnie wsp\u00f3\u0142pracujemy z instytucjami dzia\u0142aj\u0105cymi w naszym \u015brodowisku lokalnym. Dzi\u0119ki tym partnerstwom dzieci maj\u0105 mo\u017cliwo\u015b\u0107 poznawania \u015bwiata poza murami przedszkola, zdobywania nowych do\u015bwiadcze\u0144 oraz uczestniczenia w inspiruj\u0105cych wydarzeniach kulturalnych i edukacyjnych.<\/p>\n<p>W\u015br\u00f3d naszych przyjaci\u00f3\u0142 znajduj\u0105 si\u0119:<\/p>\n<ul>\n<li><strong>Lubuskie Biuro Koncertowe Orfeusz<\/strong> \u2013 dzi\u0119ki tej wsp\u00f3\u0142pracy dzieci uczestnicz\u0105 w koncertach i audycjach muzycznych, poznaj\u0105 r\u00f3\u017cnorodne instrumenty oraz odkrywaj\u0105 pi\u0119kno muzyki w przyst\u0119pnej, radosnej formie.<\/li>\n<li><strong>Miejska Biblioteka Publiczna we Wroclawiu Filia nr 18<\/strong> \u2013 wsp\u00f3lnie rozwijamy mi\u0142o\u015b\u0107 do ksi\u0105\u017cek i czytania. Dzieci bior\u0105 udzia\u0142 w zaj\u0119ciach bibliotecznych, spotkaniach autorskich oraz wydarzeniach promuj\u0105cych literatur\u0119 dzieci\u0119c\u0105.<\/li>\n<li><strong>Teatr na Ostrowiu<\/strong> \u2013 kontakt ze scen\u0105 teatraln\u0105 pozwala najm\u0142odszym rozwija\u0107 wyobra\u017ani\u0119, wra\u017cliwo\u015b\u0107 artystyczn\u0105 oraz odwag\u0119 w wyra\u017caniu siebie.<\/li>\n<li><strong>Szkola Podstawowa nr 109<\/strong> \u2013 wsp\u00f3\u0142praca ze szko\u0142\u0105 u\u0142atwia dzieciom \u0142agodne przej\u015bcie do kolejnego etapu edukacji oraz pozwala oswoi\u0107 nowe \u015brodowisko.<\/li>\n<\/ul>\n<p>Dzi\u0119ki zaanga\u017cowaniu naszych partner\u00f3w dzieci ucz\u0105 si\u0119 poprzez do\u015bwiadczenie, odkrywaj\u0105 swoje pasje i buduj\u0105 poczucie przynale\u017cno\u015bci do lokalnej spo\u0142eczno\u015bci. Razem tworzymy przestrze\u0144 pe\u0142n\u0105 inspiracji i mo\u017cliwo\u015bci.<\/p>\n<p><strong>To my dostosowujemy si\u0119 do potrzeb rozwojowych dziecka. <\/strong>W centrum naszej uwagi zawsze stoi dziecko \u2013 jego potrzeby, mo\u017cliwo\u015bci i tempo rozwoju. Wiemy, \u017ce ka\u017cde dziecko jest inne, wyj\u0105tkowe i rozwija si\u0119 na sw\u00f3j w\u0142asny spos\u00f3b. Dlatego to my dostosowujemy si\u0119 do dziecka, a nie odwrotnie. Starannie dobieramy zadania i aktywno\u015bci tak, aby wspiera\u0142y harmonijny rozw\u00f3j, budowa\u0142y poczucie sukcesu i wzmacnia\u0142y wiar\u0119 we w\u0142asne mo\u017cliwo\u015bci. Tworzymy warunki, w kt\u00f3rych ka\u017cde dziecko mo\u017ce:<\/p>\n<ul>\n<li>rozwija\u0107 swoje mocne strony,<\/li>\n<li>pokonywa\u0107 trudno\u015bci w bezpiecznej atmosferze,<\/li>\n<li>odkrywa\u0107 swoje zainteresowania,<\/li>\n<li>do\u015bwiadcza\u0107 rado\u015bci z osi\u0105ganych post\u0119p\u00f3w.<\/li>\n<\/ul>\n<p>Indywidualne podej\u015bcie, uwa\u017cno\u015b\u0107 i \u017cyczliwo\u015b\u0107 to fundament naszej pracy. Dzi\u0119ki temu dzieci czuj\u0105 si\u0119 akceptowane, rozumiane i pewne siebie \u2013 a to najlepszy start w dalsz\u0105 edukacyjn\u0105 drog\u0119.<\/p>\n<p><strong>Dziecko w centrum uwagi <\/strong><\/p>\n<p>W naszym przedszkolu najwa\u017cniejsze jest dziecko \u2013 jego potrzeby, emocje, mo\u017cliwo\u015bci i marzenia. Wierzymy, \u017ce ka\u017cde dziecko jest wyj\u0105tkowe i posiada w\u0142asny, niepowtarzalny potencja\u0142. Dlatego z uwa\u017cno\u015bci\u0105 i trosk\u0105 dostosowujemy nasze dzia\u0142ania do indywidualnych mo\u017cliwo\u015bci oraz potrzeb rozwojowych. Proponujemy takie zadania i aktywno\u015bci, kt\u00f3re:<\/p>\n<ul>\n<li>wspieraj\u0105 harmonijny rozw\u00f3j,<\/li>\n<li>buduj\u0105 poczucie sprawczo\u015bci,<\/li>\n<li>wzmacniaj\u0105 wiar\u0119 we w\u0142asne mo\u017cliwo\u015bci,<\/li>\n<li>pozwalaj\u0105 do\u015bwiadcza\u0107 sukcesu \u2013 ma\u0142ego i du\u017cego.<\/li>\n<\/ul>\n<p>To my dopasowujemy si\u0119 do dziecka, aby mog\u0142o rozwija\u0107 si\u0119 w swoim tempie, w atmosferze akceptacji, bezpiecze\u0144stwa i rado\u015bci. Tworzymy przestrze\u0144, w kt\u00f3rej ka\u017cde dziecko czuje si\u0119 wa\u017cne, rozumiane i gotowe odkrywa\u0107 \u015bwiat z u\u015bmiechem.<\/p>\n<p>&nbsp;<\/p>\n<\/div>\n<p>&nbsp;<\/p>\n<\/div>\n<p>[\/vc_column_text][\/vc_column_inner][vc_column_inner width=&#8221;1\/2&#8243;][vc_single_image image=&#8221;217&#8243; img_size=&#8221;550&#215;380&#8243;][\/vc_column_inner][\/vc_row_inner][vc_row_inner disable_element=&#8221;yes&#8221;][vc_column_inner width=&#8221;1\/2&#8243;][vc_raw_html]JTNDaDIlMjBzdHlsZSUzRCUyMnRleHQtYWxpZ24lM0ElMjBjZW50ZXIlM0IlMjBtYXJnaW4tdG9wJTNBJTIwLTMwcHglM0IlMjBmb250LXNpemUlM0ElMjAzNnB4JTNCJTIwY29sb3IlM0ElMjAlMjMyZTVlNDYlM0IlMjIlM0VPJTIwbmFzJTNDJTJGaDIlM0U=[\/vc_raw_html][vc_separator color=&#8221;custom&#8221; border_width=&#8221;4&#8243; el_width=&#8221;50&#8243; custom_sparator_width=&#8221;155px&#8221; accent_color=&#8221;#2e5e46&#8243;][vc_empty_space][vc_column_text]<\/p>\n<div><span style=\"color: #000000;\"><strong>Znajdziecie nas<\/strong><\/span><\/div>\n<div><span style=\"color: #000000;\">Przedszkole po\u0142o\u017cone jest w dzielnicy Fabryczna &#8211; Grabiszynek w pobli\u017cu Parku Grabiszy\u0144skiego, z dala od ruchliwych ulic. Posiadamy du\u017cy, zielony ogr\u00f3d z placem zabaw dla dzieci. Dla ka\u017cdej grupy wiekowej przygotowano teren do zabaw z odr\u0119bn\u0105 piaskownic\u0105.&nbsp;<\/span><\/div>\n<div>&nbsp;<\/div>\n<div><span style=\"color: #000000;\"><strong>Nasz\u0105 dewiz\u0105 jest<\/strong><\/span><\/div>\n<div><span style=\"color: #000000;\">\u201ePrzedszkole otwarte na potrzeby dzieci i rodzic\u00f3w, rozwijaj\u0105ce &nbsp;tw\u00f3rcz\u0105 postaw\u0119 dzieci poprzez r\u00f3\u017cnorodno\u015b\u0107 wsp\u00f3lnych dzia\u0142a\u0144.\u201d<\/span><\/div>\n<div><span style=\"color: #000000;\">Przedszkole nale\u017cy do Sieci Szk\u00f3\u0142 i Przedszkoli Promuj\u0105cych Zdrowie oraz Sieci Szk\u00f3\u0142 &nbsp;Promuj\u0105cych Ekorozw\u00f3j.&nbsp;<\/span><\/div>\n<p>[\/vc_column_text][vc_raw_html]JTNDZGl2JTIwc3R5bGUlM0QlMjJ3aWR0aCUzQTEwMCUyNSUzQiUyMHRleHQtYWxpZ24lM0ElMjByaWdodCUzQiUyMiUzRSUzQ2ElMjBocmVmJTNEJTIyJTJGJTNGcGFnZV9pZCUzRDE1OCUyMiUzRUN6eXRhaiUyMGRhbGVqJTNDJTJGYSUzRSUzQyUyRmRpdiUzRQ==[\/vc_raw_html][\/vc_column_inner][vc_column_inner width=&#8221;1\/2&#8243;][vc_single_image image=&#8221;217&#8243; img_size=&#8221;550&#215;380&#8243;][\/vc_column_inner][\/vc_row_inner][vc_row_inner][vc_column_inner][vc_empty_space][vc_empty_space][vc_raw_html]JTNDaDIlMjBzdHlsZSUzRCUyMnRleHQtYWxpZ24lM0ElMjBjZW50ZXIlM0IlMjBtYXJnaW4tdG9wJTNBJTIwLTMwcHglM0IlMjBmb250LXNpemUlM0ElMjAzNnB4JTNCJTIwY29sb3IlM0ElMjAlMjMyZTVlNDYlM0IlMjIlM0VBa3R1YWxubyVDNSU5QmNpJTNDJTJGaDIlM0U=[\/vc_raw_html][vc_separator color=&#8221;custom&#8221; border_width=&#8221;4&#8243; el_width=&#8221;50&#8243; custom_sparator_width=&#8221;155px&#8221; accent_color=&#8221;#2e5e46&#8243;][vc_empty_space][vc_masonry_grid post_type=&#8221;post&#8221; max_items=&#8221;-1&#8243; style=&#8221;load-more&#8221; items_per_page=&#8221;8&#8243; element_width=&#8221;3&#8243; css=&#8221;&#8221; btn_title=&#8221;Poka\u017c wi\u0119cej wpis\u00f3w&#8221; btn_color=&#8221;juicy-pink&#8221; grid_id=&#8221;vc_gid:1771853592677-8752ba25-96e7-3&#8243; taxonomies=&#8221;1&#8243;][vc_empty_space][\/vc_column_inner][\/vc_row_inner][\/vc_column][\/vc_row]<\/p>\n<\/div>","protected":false},"excerpt":{"rendered":"<p>[vc_row][vc_column][vc_empty_space][vc_row_inner][vc_column_inner width=&#8221;1\/2&#8243;][vc_raw_html]JTNDaDIlMjBzdHlsZSUzRCUyMnRleHQtYWxpZ24lM0ElMjBjZW50ZXIlM0IlMjBtYXJnaW4tdG9wJTNBJTIwLTMwcHglM0IlMjBmb250LXNpemUlM0ElMjAzNnB4JTNCJTIwY29sb3IlM0ElMjAlMjMyZTVlNDYlM0IlMjIlM0VPJTIwbmFzJTNDJTJGaDIlM0U=[\/vc_raw_html][vc_separator color=&#8221;custom&#8221; border_width=&#8221;4&#8243; el_width=&#8221;50&#8243; custom_sparator_width=&#8221;155px&#8221; accent_color=&#8221;#2e5e46&#8243;][vc_empty_space][vc_column_text css=&#8221;&#8221;] Znajdziecie nas w sercu Grabiszynka . Nasze przedszkole po\u0142o\u017cone jest w zielonej i spokojnej cz\u0119\u015bci dzielnicy Fabryczna \u2013 Grabiszynek, w pobli\u017cu malowniczego [&hellip;]<\/p>\n","protected":false},"author":15,"featured_media":0,"parent":0,"menu_order":0,"comment_status":"closed","ping_status":"closed","template":"","meta":{"ngg_post_thumbnail":0,"footnotes":""},"class_list":["post-13","page","type-page","status-publish","hentry","clearfix"],"_links":{"self":[{"href":"https:\/\/przedszkole96.edu.wroclaw.pl\/index.php\/wp-json\/wp\/v2\/pages\/13","targetHints":{"allow":["GET"]}}],"collection":[{"href":"https:\/\/przedszkole96.edu.wroclaw.pl\/index.php\/wp-json\/wp\/v2\/pages"}],"about":[{"href":"https:\/\/przedszkole96.edu.wroclaw.pl\/index.php\/wp-json\/wp\/v2\/types\/page"}],"author":[{"embeddable":true,"href":"https:\/\/przedszkole96.edu.wroclaw.pl\/index.php\/wp-json\/wp\/v2\/users\/15"}],"replies":[{"embeddable":true,"href":"https:\/\/przedszkole96.edu.wroclaw.pl\/index.php\/wp-json\/wp\/v2\/comments?post=13"}],"version-history":[{"count":52,"href":"https:\/\/przedszkole96.edu.wroclaw.pl\/index.php\/wp-json\/wp\/v2\/pages\/13\/revisions"}],"predecessor-version":[{"id":6681,"href":"https:\/\/przedszkole96.edu.wroclaw.pl\/index.php\/wp-json\/wp\/v2\/pages\/13\/revisions\/6681"}],"wp:attachment":[{"href":"https:\/\/przedszkole96.edu.wroclaw.pl\/index.php\/wp-json\/wp\/v2\/media?parent=13"}],"curies":[{"name":"wp","href":"https:\/\/api.w.org\/{rel}","templated":true}]}}