
{"id":4020,"date":"2024-11-06T13:05:51","date_gmt":"2024-11-06T12:05:51","guid":{"rendered":"https:\/\/przedszkole96.edu.wroclaw.pl\/?page_id=4020"},"modified":"2025-12-04T09:34:40","modified_gmt":"2025-12-04T08:34:40","slug":"projekty","status":"publish","type":"page","link":"https:\/\/przedszkole96.edu.wroclaw.pl\/index.php\/dla-rodzicow\/projekty\/","title":{"rendered":"Projekty"},"content":{"rendered":"<p><span style=\"font-size: 14pt\"><strong>ROK SZKOLNY 2025\/2026<\/strong><\/span><\/p>\n<p><strong>Projekt\u00a0 &#8222;ABC EMOCJI&#8221;<\/strong><\/p>\n<p>W grudniu 2025r. rozpocz\u0119li\u015bmy realizacj\u0119 og\u00f3lnopolskiego projektu edukacyjnego <strong data-start=\"280\" data-end=\"296\">\u201eABC Emocji\u201d<\/strong>, kt\u00f3ry jest kontynuacj\u0105 ubieg\u0142orocznego projektu <strong data-start=\"346\" data-end=\"363\">\u201eABC Empatii\u201d<\/strong>. Projekt ma na celu zwi\u0119kszenie \u015bwiadomo\u015bci na temat roli emocji w codziennym \u017cyciu, nauk\u0119 rozpoznawania i nazywania swoich uczu\u0107, a tak\u017ce rozwijanie umiej\u0119tno\u015bci radzenia sobie w trudnych sytuacjach,\u00a0wspieranie dzieci w rozpoznawaniu, nazywaniu oraz wyra\u017caniu emocji w spos\u00f3b bezpieczny i akceptowalny. W ramach projektu przedszkolaki bior\u0105 udzia\u0142 w r\u00f3\u017cnorodnych zaj\u0119ciach, zabawach, rozmowach i dzia\u0142aniach tw\u00f3rczych, kt\u00f3re ucz\u0105 empatii, buduj\u0105 poczucie w\u0142asnej warto\u015bci oraz rozwijaj\u0105 umiej\u0119tno\u015bci spo\u0142eczne. Wierzymy, \u017ce udzia\u0142 w projekcie przyczyni si\u0119 do kszta\u0142towania u dzieci postaw sprzyjaj\u0105cych budowaniu pozytywnych relacji i lepszego rozumienia siebie oraz innych.<\/p>\n<p><strong>Za\u0142o\u017cenia projektu<\/strong><\/p>\n<ul>\n<li>wsparcie nauczycieli i pedagog\u00f3w, wyposa\u017caj\u0105c ich w konkretne narz\u0119dzia i metody pracy z dzie\u0107mi<\/li>\n<li>pomoc dzieciom w lepszym funkcjonowaniu w grupie, rozwijaj\u0105c ich empati\u0119, umiej\u0119tno\u015bci spo\u0142eczne i zdolno\u015b\u0107 radzenia sobie w trudnych sytuacjach<\/li>\n<li>nauka rozpoznawania, nazywania i regulowania emocji<\/li>\n<li>wykorzystanie element\u00f3w socjoterapii, psychodramy, arteterapii i ruchu w edukacji<\/li>\n<li>dostosowanie edukacji do wsp\u00f3\u0142czesnych wyzwa\u0144 poprzez wspieranie dobrostanu psychicznego dzieci.<\/li>\n<\/ul>\n<p>Projekt sk\u0142ada si\u0119 z ksi\u0105\u017cki \u201eABC emocji, czyli zrozumie\u0107 siebie i innych\u201d napisanej przez Wiktora Czepczy\u0144skiego, \u017banet\u0119 Kupczyk i Iren\u0119 Ranosz-Talarek. Ksi\u0105\u017cka jest kontynuacj\u0105 przyg\u00f3d Zosi i Maksa znanych ju\u017c dzieciom z\u00a0 \u201eABC empatii\u201d. Bohaterowie, b\u0119d\u0105c ju\u017c w trzeciej klasie, prze\u017cywaj\u0105 codzienne sytuacje, kt\u00f3re ucz\u0105 ich cennych \u017cyciowych warto\u015bci. Ka\u017cdy rozdzia\u0142 przedstawia inn\u0105 emocj\u0119, m.in. smutek, wstyd, poczucie straty, czy te\u017c z\u0142o\u015b\u0107 \u2013 pomagaj\u0105c dzieciom lepiej je zrozumie\u0107 i sobie z nimi radzi\u0107.<\/p>\n<p><img loading=\"lazy\" decoding=\"async\" class=\"alignnone size-full wp-image-6193\" src=\"https:\/\/przedszkole96.edu.wroclaw.pl\/wp-content\/uploads\/sites\/44\/2025\/12\/ABCex.jpg\" alt=\"\" width=\"293\" height=\"293\" srcset=\"https:\/\/przedszkole96.edu.wroclaw.pl\/wp-content\/uploads\/sites\/44\/2025\/12\/ABCex.jpg 293w, https:\/\/przedszkole96.edu.wroclaw.pl\/wp-content\/uploads\/sites\/44\/2025\/12\/ABCex-150x150.jpg 150w\" sizes=\"auto, (max-width: 293px) 100vw, 293px\" \/><\/p>\n<p>&nbsp;<\/p>\n<hr \/>\n<p><span style=\"font-size: 14pt\"><strong>ROK SZKOLNY 2024\/2025<\/strong><\/span><\/p>\n<p>W\u00a0 roku szkolnym 2024\/2025 nasze przedszkole zakwalifikowa\u0142o si\u0119 do udzia\u0142u w innowacyjnym <strong>projekcie \u2013 \u201eEdukacja w Ruchu\u201d<\/strong>.<br \/>\nProjekt jest realizowany we wsp\u00f3\u0142pracy Departamentu Edukacji, Akademii Wychowania Fizycznego im. Polskich Olimpijczyk\u00f3w we Wroc\u0142awiu oraz Akademii Krokieta i Lamy. Operatorem projektu jest Fundacja V4Sport. Udzia\u0142 w projekcie umo\u017cliwia realizacj\u0119<em> polityki o\u015bwiatowej pa\u0144stwa<\/em> na rok szkolny 2024\/2025:<\/p>\n<ul>\n<li><strong>Priorytet 1<\/strong>\u2013 Edukacja prozdrowotna w szkole: kszta\u0142towanie zachowa\u0144 prozdrowotnych, rozwijanie sprawno\u015bci fizycznej i nawyku aktywno\u015bci ruchowej, nauka udzielania pierwszej pomocy<\/li>\n<li><strong>Priorytet 3<\/strong>\u2013 Wspieranie dobrostanu dzieci i m\u0142odzie\u017cy, ich zdrowia psychicznego: rozwijanie empatii i wra\u017cliwo\u015bci na potrzeby innych u uczni\u00f3w i wychowank\u00f3w, podnoszenie jako\u015bci edukacji w\u0142\u0105czaj\u0105cej oraz umiej\u0119tno\u015bci pracy z zespo\u0142em zr\u00f3\u017cnicowanym.<\/li>\n<\/ul>\n<p>Do udzia\u0142u w projekcie przyst\u0105pi\u0142y dwie najstarsze grupy: Gr.II &#8221; Mr\u00f3wki&#8221; i gr. IV\u00a0 &#8222;Motylki&#8221;. Raz w miesi\u0105cu dzieci otrzymuj\u0105 do realizacji WYZWANIA. Za wykonane zadania grupy zbieraj\u0105 punkty. Jak najwi\u0119ksza ilo\u015b\u0107 uzbieranych punkt\u00f3w kwalifikuje grupy do udzia\u0142u w drugim etapie projektu.<\/p>\n<p><img loading=\"lazy\" decoding=\"async\" class=\"alignnone size-medium wp-image-4057\" src=\"https:\/\/przedszkole96.edu.wroclaw.pl\/wp-content\/uploads\/sites\/44\/2024\/11\/EwR-20241107_123402-250x300.jpg\" alt=\"\" width=\"250\" height=\"300\" srcset=\"https:\/\/przedszkole96.edu.wroclaw.pl\/wp-content\/uploads\/sites\/44\/2024\/11\/EwR-20241107_123402-250x300.jpg 250w, https:\/\/przedszkole96.edu.wroclaw.pl\/wp-content\/uploads\/sites\/44\/2024\/11\/EwR-20241107_123402-852x1024.jpg 852w, https:\/\/przedszkole96.edu.wroclaw.pl\/wp-content\/uploads\/sites\/44\/2024\/11\/EwR-20241107_123402-768x923.jpg 768w, https:\/\/przedszkole96.edu.wroclaw.pl\/wp-content\/uploads\/sites\/44\/2024\/11\/EwR-20241107_123402-1279x1536.jpg 1279w, https:\/\/przedszkole96.edu.wroclaw.pl\/wp-content\/uploads\/sites\/44\/2024\/11\/EwR-20241107_123402-1705x2048.jpg 1705w\" sizes=\"auto, (max-width: 250px) 100vw, 250px\" \/> <img loading=\"lazy\" decoding=\"async\" class=\"alignnone size-medium wp-image-4058\" src=\"https:\/\/przedszkole96.edu.wroclaw.pl\/wp-content\/uploads\/sites\/44\/2024\/11\/EwR-20241107_125637-282x300.jpg\" alt=\"\" width=\"282\" height=\"300\" srcset=\"https:\/\/przedszkole96.edu.wroclaw.pl\/wp-content\/uploads\/sites\/44\/2024\/11\/EwR-20241107_125637-282x300.jpg 282w, https:\/\/przedszkole96.edu.wroclaw.pl\/wp-content\/uploads\/sites\/44\/2024\/11\/EwR-20241107_125637-962x1024.jpg 962w, https:\/\/przedszkole96.edu.wroclaw.pl\/wp-content\/uploads\/sites\/44\/2024\/11\/EwR-20241107_125637-768x817.jpg 768w, https:\/\/przedszkole96.edu.wroclaw.pl\/wp-content\/uploads\/sites\/44\/2024\/11\/EwR-20241107_125637-1443x1536.jpg 1443w, https:\/\/przedszkole96.edu.wroclaw.pl\/wp-content\/uploads\/sites\/44\/2024\/11\/EwR-20241107_125637-1924x2048.jpg 1924w\" sizes=\"auto, (max-width: 282px) 100vw, 282px\" \/><\/p>\n<p>&nbsp;<\/p>\n<p><strong>Projekt &#8222;ABC EMPATII&#8221;<\/strong><\/p>\n<p>Od listopada 2024r. przyst\u0105pili\u015bmy do kolejnego <strong>projektu &#8211; ABC\u00a0 Empatii. <\/strong>Projekt ma za zadanie likwidacj\u0119 barier i stereotyp\u00f3w zwi\u0105zanych z osobami z niepe\u0142nosprawno\u015bciami, a tak\u017ce zmian\u0119 my\u015blenia i negatywnych postaw.<\/p>\n<p><strong>Za\u0142o\u017cenia projektu:<\/strong><\/p>\n<ul>\n<li>pokazanie \u015bwiata, w kt\u00f3rym wszystkie dzieci zas\u0142uguj\u0105 na takie samo traktowanie, bez wzgl\u0119du na ich stan zdrowia<br \/>\nwyt\u0142umaczenie j\u0119zykiem dziecka na czym polegaj\u0105 r\u00f3\u017cne<\/li>\n<li>niepe\u0142nosprawno\u015bci i schorzenia oraz obja\u015bnienie zwi\u0105zanych z nimi r\u00f3\u017cnic w codziennym funkcjonowaniu<\/li>\n<li>uwra\u017cliwienie dzieci na inny ni\u017c ich w\u0142asny stan zdrowia<\/li>\n<li>kszta\u0142towanie pozytywnych postaw w\u015br\u00f3d dzieci i ich rodzic\u00f3w<\/li>\n<li>wsparcie metodyczne nauczycieli, wychowawc\u00f3w, opiekun\u00f3w i wyposa\u017cenie ich w warto\u015bciowe materia\u0142y edukacyjne<\/li>\n<li>wsparcie rodzic\u00f3w i opiekun\u00f3w zaopatruj\u0105c ich w narz\u0119dzie do rozmowy z dzie\u0107mi<\/li>\n<li>nawi\u0105zanie d\u0142ugofalowej wsp\u00f3\u0142pracy z organizacjami, fundacjami i stowarzyszeniami dzia\u0142aj\u0105cych w obszarze niepe\u0142nosprawno\u015bci<\/li>\n<\/ul>\n<p>Dzieci z wszystkich grup wiekowych uczestniczy b\u0119d\u0105 w zaj\u0119ciach edukacyjnych na podstawie ksi\u0105\u017cki pt. \u201eABC empatii, bo wszyscy jeste\u015bmy tacy sami\u201d napisanej przez Wiktora Czepczy\u0144skiego, \u017banet\u0119 Kupczyk i Katarzyn\u0119 Muzyk\u0119-Jache\u0107. Wszystkie materia\u0142y edukacyjne przygotowane zosta\u0142y we wsp\u00f3\u0142pracy z organizacjami spo\u0142ecznymi, specjalizuj\u0105cymi si\u0119 w konkretnych niepe\u0142nosprawno\u015bciach czy schorzeniach (m.in. Fundacja Anny Dymnej \u201eMimo Wszystko\u201d, Fundacja AVALON, Fundacja Autyzm UP, Polski Zwi\u0105zek Niewidomych).<\/p>\n<p><img loading=\"lazy\" decoding=\"async\" class=\"alignnone size-medium wp-image-4301\" src=\"https:\/\/przedszkole96.edu.wroclaw.pl\/wp-content\/uploads\/sites\/44\/2024\/12\/empatiaxxxxx-296x300.jpg\" alt=\"\" width=\"296\" height=\"300\" srcset=\"https:\/\/przedszkole96.edu.wroclaw.pl\/wp-content\/uploads\/sites\/44\/2024\/12\/empatiaxxxxx-296x300.jpg 296w, https:\/\/przedszkole96.edu.wroclaw.pl\/wp-content\/uploads\/sites\/44\/2024\/12\/empatiaxxxxx-1011x1024.jpg 1011w, https:\/\/przedszkole96.edu.wroclaw.pl\/wp-content\/uploads\/sites\/44\/2024\/12\/empatiaxxxxx-768x778.jpg 768w, https:\/\/przedszkole96.edu.wroclaw.pl\/wp-content\/uploads\/sites\/44\/2024\/12\/empatiaxxxxx-1516x1536.jpg 1516w, https:\/\/przedszkole96.edu.wroclaw.pl\/wp-content\/uploads\/sites\/44\/2024\/12\/empatiaxxxxx-2021x2048.jpg 2021w\" sizes=\"auto, (max-width: 296px) 100vw, 296px\" \/><\/p>\n","protected":false},"excerpt":{"rendered":"<p>ROK SZKOLNY 2025\/2026 Projekt\u00a0 &#8222;ABC EMOCJI&#8221; W grudniu 2025r. rozpocz\u0119li\u015bmy realizacj\u0119 og\u00f3lnopolskiego projektu edukacyjnego \u201eABC Emocji\u201d, kt\u00f3ry jest kontynuacj\u0105 ubieg\u0142orocznego projektu \u201eABC Empatii\u201d. Projekt ma na celu zwi\u0119kszenie \u015bwiadomo\u015bci na [&hellip;]<\/p>\n","protected":false},"author":15,"featured_media":0,"parent":175,"menu_order":0,"comment_status":"closed","ping_status":"closed","template":"","meta":{"ngg_post_thumbnail":0,"footnotes":""},"class_list":["post-4020","page","type-page","status-publish","hentry","clearfix"],"_links":{"self":[{"href":"https:\/\/przedszkole96.edu.wroclaw.pl\/index.php\/wp-json\/wp\/v2\/pages\/4020","targetHints":{"allow":["GET"]}}],"collection":[{"href":"https:\/\/przedszkole96.edu.wroclaw.pl\/index.php\/wp-json\/wp\/v2\/pages"}],"about":[{"href":"https:\/\/przedszkole96.edu.wroclaw.pl\/index.php\/wp-json\/wp\/v2\/types\/page"}],"author":[{"embeddable":true,"href":"https:\/\/przedszkole96.edu.wroclaw.pl\/index.php\/wp-json\/wp\/v2\/users\/15"}],"replies":[{"embeddable":true,"href":"https:\/\/przedszkole96.edu.wroclaw.pl\/index.php\/wp-json\/wp\/v2\/comments?post=4020"}],"version-history":[{"count":6,"href":"https:\/\/przedszkole96.edu.wroclaw.pl\/index.php\/wp-json\/wp\/v2\/pages\/4020\/revisions"}],"predecessor-version":[{"id":6194,"href":"https:\/\/przedszkole96.edu.wroclaw.pl\/index.php\/wp-json\/wp\/v2\/pages\/4020\/revisions\/6194"}],"up":[{"embeddable":true,"href":"https:\/\/przedszkole96.edu.wroclaw.pl\/index.php\/wp-json\/wp\/v2\/pages\/175"}],"wp:attachment":[{"href":"https:\/\/przedszkole96.edu.wroclaw.pl\/index.php\/wp-json\/wp\/v2\/media?parent=4020"}],"curies":[{"name":"wp","href":"https:\/\/api.w.org\/{rel}","templated":true}]}}